 and 255.
15
What is the highest common factor of 7581 and 2499?
21
Calculate the greatest common factor of 5392 and 28.
4
Calculate the highest common divisor of 544 and 5152.
32
What is the greatest common factor of 696 and 20126?
58
Calculate the greatest common divisor of 23720 and 2440.
40
Calculate the highest common factor of 176508 and 1008.
36
Calculate the greatest common factor of 273 and 580251.
21
What is the greatest common divisor of 1407 and 411313?
469
Calculate the highest common divisor of 7123 and 3771.
419
What is the greatest common divisor of 1142581 and 862?
431
Calculate the highest common factor of 2 and 35774.
2
Calculate the greatest common divisor of 32087 and 649.
11
Calculate the highest common divisor of 8266506 and 3.
3
Calculate the highest common divisor of 10251 and 119034.
153
What is the highest common factor of 1190214 and 15642?
1422
Calculate the greatest common factor of 189 and 34209.
189
What is the highest common divisor of 10384 and 6512?
176
What is the highest common divisor of 1394 and 122536?
34
What is the greatest common divisor of 373 and 155914?
373
Calculate the greatest common factor of 15500 and 2500.
500
Calculate the highest common divisor of 2256 and 705846.
282
Calculate the greatest common divisor of 2682801 and 198.
99
Calculate the highest common factor of 858 and 4224.
66
Calculate the highest common factor of 10541 and 2241.
83
What is the greatest common factor of 430 and 2322?
86
Calculate the highest common divisor of 2620 and 43492.
524
What is the greatest common factor of 672 and 33572?
28
Calculate the greatest common divisor of 158242 and 8366.
178
Calculate the greatest common factor of 2771 and 3097.
163
What is the greatest common divisor of 13501 and 115?
23
Calculate the greatest common factor of 5 and 44.
1
Calculate the highest common factor of 736 and 8326.
46
Calculate the highest common factor of 96000 and 2360.
40
Calculate the greatest common factor of 133 and 615839.
7
What is the highest common divisor of 3635 and 20?
5
What is the greatest common factor of 1052 and 230914?
526
Calculate the highest common divisor of 173471 and 41.
41
What is the highest common divisor of 6950 and 710?
10
What is the greatest common factor of 1128 and 1788?
12
Calculate the greatest common divisor of 260 and 6188.
52
Calculate the greatest common factor of 13572 and 1450.
58
Calculate the greatest common divisor of 157568 and 128.
128
What is the greatest common factor of 58759 and 20171?
877
Calculate the highest common factor of 720 and 3734640.
720
What is the greatest common divisor of 7 and 1245251?
7
What is the highest common divisor of 11421 and 24111?
1269
Calculate the greatest common divisor of 34 and 84405.
17
What is the highest common divisor of 75418 and 350?
14
What is the greatest common divisor of 4675 and 1309?
187
Calculate the highest common divisor of 519 and 46364.
173
Calculate the greatest common factor of 123873 and 471.
471
What is the greatest common factor of 46506 and 1426?
46
What is the greatest common factor of 7300 and 400?
100
What is the greatest common factor of 92 and 79189?
23
What is the greatest common factor of 50484 and 1239?
21
What is the greatest common divisor of 724904 and 3160?
632
Calculate the highest common divisor of 5 and 383.
1
What is the greatest common divisor of 2 and 9573?
1
Calculate the greatest common divisor of 3924 and 80987.
109
Calculate the greatest common divisor of 925530 and 30.
30
Calculate the greatest common divisor of 612018 and 352.
22
Calculate the highest common divisor of 231 and 70693.
7
What is the greatest common factor of 15 and 995?
5
What is the greatest common factor of 3016 and 127426?
754
Calculate the highest common divisor of 4323 and 84757.
131
What is the greatest common factor of 70681 and 39?
13
Calculate the highest common divisor of 4428 and 203094.
54
What is the highest common divisor of 69120 and 33210?
270
Calculate the greatest common factor of 704 and 23056.
176
What is the highest common factor of 660 and 1109820?
60
Calculate the highest common factor of 168 and 18536.
56
What is the greatest common divisor of 190476 and 468?
468
Calculate the highest common factor of 28220 and 2125.
85
What is the greatest common factor of 642 and 119091?
321
Calculate the greatest common divisor of 26973 and 135.
27
What is the highest common divisor of 387470 and 10?
10
Calculate the greatest common factor of 5665 and 20085.
515
Calculate the greatest common divisor of 86242 and 5642.
806
Calculate the highest common factor of 1625 and 1419275.
325
Calculate the greatest common factor of 318 and 18974.
106
What is the greatest common factor of 105 and 16464?
21
Calculate the greatest common factor of 31931 and 333.
37
Calculate the highest common divisor of 1838393 and 3844.
961
What is the highest common divisor of 84 and 5192?
4
Calculate the greatest common divisor of 188703 and 4579.
241
Calculate the greatest common factor of 1079 and 37297.
13
What is the greatest common divisor of 14508 and 162162?
234
Calculate the highest common factor of 11102 and 2002.
182
What is the greatest common divisor of 13355 and 10?
5
Calculate the highest common factor of 8142 and 138.
138
Calculate the greatest common divisor of 144075 and 9775.
425
Calculate the greatest common factor of 10417 and 352.
11
What is the greatest common divisor of 729 and 7911?
27
What is the highest common factor of 748 and 692036?
68
What is the highest common divisor of 6 and 182814?
6
What is the highest common divisor of 4891 and 219?
73
Calculate the highest common divisor of 536075 and 410.
205
What is the greatest common factor of 56005 and 1679?
23
Calculate the highest common factor of 25085 and 261.
29
What is the highest common divisor of 383392 and 96?
32
Calculate the highest common divisor of 20455060 and 20.
20
Calculate the highest common factor of 27 and 53244.
27
What is the highest common divisor of 72 and 178824?
24
Calculate the highest common divisor of 1024 and 566144.
128
What is the greatest common divisor of 764760 and 120?
120
Calculate the highest common divisor of 219 and 9052.
73
What is the greatest common factor of 5886 and 22018?
218
What is the greatest common factor of 185625 and 15?
15
Calculate the greatest common divisor of 1836 and 762399.
459
What is the greatest common divisor of 202302 and 36?
18
Calculate the highest common divisor of 36 and 3942.
18
What is the highest common divisor of 280111 and 6786?
377
What is the highest common divisor of 28 and 1267?
7
What is the greatest common factor of 84 and 100506?
42
Calculate the greatest common factor of 20 and 70690.
10
What is the highest common factor of 21629 and 4024?
503
Calculate the highest common divisor of 5295104 and 1024.
1024
Calculate the greatest common factor of 51 and 9117.
3
Calculate the highest common factor of 325 and 13247.
13
What is the greatest common factor of 19313 and 7743?
89
Calculate the highest common divisor of 20432 and 1264.
16
Calculate the highest common factor of 1110930 and 6.
6
What is the greatest common divisor of 167573 and 111?
37
What is the greatest common factor of 27648 and 72144?
432
Calculate the greatest common factor of 11 and 2249291.
11
What is the greatest common divisor of 106 and 682481?
53
Calculate the greatest common factor of 130 and 2330.
10
What is the highest common divisor of 386270 and 214?
214
Calculate the highest common divisor of 2555 and 2765.
35
What is the greatest common divisor of 223485 and 47?
47
Calculate the highest common divisor of 91 and 2046226.
91
Calculate the greatest common divisor of 159318 and 1378.
106
What is the greatest common divisor of 108 and 160236?
36
What is the highest common divisor of 244832 and 448?
224
What is the highest common factor of 242 and 1034?
22
Calculate the highest common factor of 40 and 344360.
40
Calculate the greatest common divisor of 9256 and 728.
104
What is the highest common divisor of 10766 and 14?
14
Calculate the highest common factor of 27294 and 6.
6
Calculate the highest common factor of 1288085 and 1095.
365
Calculate the highest common factor of 857 and 1024.
1
Calculate the highest commo